{"id":1515,"date":"2021-11-27T08:21:35","date_gmt":"2021-11-27T08:21:35","guid":{"rendered":"https:\/\/savovietnam.com\/?page_id=1515"},"modified":"2021-11-27T09:55:26","modified_gmt":"2021-11-27T09:55:26","slug":"sl25e","status":"publish","type":"page","link":"https:\/\/savovietnam.com\/index.php\/sl25e\/","title":{"rendered":"Products"},"content":{"rendered":"\t\t<div data-elementor-type=\"wp-page\" data-elementor-id=\"1515\" class=\"elementor elementor-1515\" data-elementor-settings=\"[]\">\n\t\t\t\t\t\t\t<div class=\"elementor-section-wrap\">\n\t\t\t\t\t\t\t<section class=\"elementor-section elementor-top-section elementor-element elementor-element-70a7473 elementor-section-height-full elementor-section-boxed elementor-section-height-default elementor-section-items-middle\" data-id=\"70a7473\" data-element_type=\"section\" data-settings=\"{&quot;background_background&quot;:&quot;classic&quot;}\">\n\t\t\t\t\t\t\t<div class=\"elementor-background-overlay\"><\/div>\n\t\t\t\t\t\t\t<div class=\"elementor-container elementor-column-gap-default\">\n\t\t\t\t\t<div class=\"elementor-column elementor-col-50 elementor-top-column elementor-element elementor-element-70768aaf\" data-id=\"70768aaf\" data-element_type=\"column\">\n\t\t\t<div class=\"elementor-widget-wrap elementor-element-populated\">\n\t\t\t\t\t\t\t\t<div class=\"elementor-element elementor-element-6803768a elementor-invisible elementor-widget elementor-widget-heading\" data-id=\"6803768a\" data-element_type=\"widget\" data-settings=\"{&quot;_animation&quot;:&quot;fadeInUp&quot;,&quot;_animation_delay&quot;:200}\" data-widget_type=\"heading.default\">\n\t\t\t\t<div class=\"elementor-widget-container\">\n\t\t\t<h2 class=\"elementor-heading-title elementor-size-small\"><b>Mori SL25E<\/b><\/h2>\t\t<\/div>\n\t\t\t\t<\/div>\n\t\t\t\t<div class=\"elementor-element elementor-element-1d40f7ca elementor-invisible elementor-widget elementor-widget-image\" data-id=\"1d40f7ca\" data-element_type=\"widget\" data-settings=\"{&quot;_animation&quot;:&quot;fadeInUp&quot;,&quot;_animation_delay&quot;:500}\" data-widget_type=\"image.default\">\n\t\t\t\t<div class=\"elementor-widget-container\">\n\t\t\t\t\t\t\t\t\t\t\t\t\t\t\t<img loading=\"lazy\" decoding=\"async\" width=\"1440\" height=\"1440\" src=\"https:\/\/savovietnam.com\/wp-content\/uploads\/2021\/11\/ad9bee929d9156cf0f801-scaled-e1650725109950.jpg\" class=\"attachment-full size-full\" alt=\"\" srcset=\"https:\/\/savovietnam.com\/wp-content\/uploads\/2021\/11\/ad9bee929d9156cf0f801-scaled-e1650725109950.jpg 1440w, https:\/\/savovietnam.com\/wp-content\/uploads\/2021\/11\/ad9bee929d9156cf0f801-scaled-e1650725109950-300x300.jpg 300w, https:\/\/savovietnam.com\/wp-content\/uploads\/2021\/11\/ad9bee929d9156cf0f801-scaled-e1650725109950-1024x1024.jpg 1024w, https:\/\/savovietnam.com\/wp-content\/uploads\/2021\/11\/ad9bee929d9156cf0f801-scaled-e1650725109950-150x150.jpg 150w, https:\/\/savovietnam.com\/wp-content\/uploads\/2021\/11\/ad9bee929d9156cf0f801-scaled-e1650725109950-768x768.jpg 768w\" sizes=\"auto, (max-width: 1440px) 100vw, 1440px\" \/>\t\t\t\t\t\t\t\t\t\t\t\t\t\t\t<\/div>\n\t\t\t\t<\/div>\n\t\t\t\t<div class=\"elementor-element elementor-element-0367820 elementor-arrows-position-inside elementor-invisible elementor-widget elementor-widget-image-carousel\" data-id=\"0367820\" data-element_type=\"widget\" data-settings=\"{&quot;slides_to_show&quot;:&quot;6&quot;,&quot;slides_to_show_tablet&quot;:&quot;6&quot;,&quot;slides_to_show_mobile&quot;:&quot;6&quot;,&quot;navigation&quot;:&quot;arrows&quot;,&quot;image_spacing_custom&quot;:{&quot;unit&quot;:&quot;px&quot;,&quot;size&quot;:10,&quot;sizes&quot;:[]},&quot;_animation&quot;:&quot;fadeInUp&quot;,&quot;_animation_delay&quot;:600,&quot;slides_to_scroll&quot;:&quot;5&quot;,&quot;autoplay&quot;:&quot;yes&quot;,&quot;pause_on_hover&quot;:&quot;yes&quot;,&quot;pause_on_interaction&quot;:&quot;yes&quot;,&quot;autoplay_speed&quot;:5000,&quot;infinite&quot;:&quot;yes&quot;,&quot;speed&quot;:500}\" data-widget_type=\"image-carousel.default\">\n\t\t\t\t<div class=\"elementor-widget-container\">\n\t\t\t\t\t<div class=\"elementor-image-carousel-wrapper swiper-container\" dir=\"ltr\">\n\t\t\t<div class=\"elementor-image-carousel swiper-wrapper\">\n\t\t\t\t\t\t\t\t<div class=\"swiper-slide\"><a data-elementor-open-lightbox=\"yes\" data-elementor-lightbox-slideshow=\"0367820\" data-elementor-lightbox-title=\"55f35fda2cd9e787bec85\" href=\"https:\/\/savovietnam.com\/wp-content\/uploads\/2021\/11\/55f35fda2cd9e787bec85-scaled.jpg\"><figure class=\"swiper-slide-inner\"><img decoding=\"async\" class=\"swiper-slide-image\" src=\"https:\/\/savovietnam.com\/wp-content\/uploads\/2021\/11\/55f35fda2cd9e787bec85-150x150.jpg\" alt=\"55f35fda2cd9e787bec85\" \/><\/figure><\/a><\/div><div class=\"swiper-slide\"><a data-elementor-open-lightbox=\"yes\" data-elementor-lightbox-slideshow=\"0367820\" data-elementor-lightbox-title=\"858304a177a2bcfce5b36\" href=\"https:\/\/savovietnam.com\/wp-content\/uploads\/2021\/11\/858304a177a2bcfce5b36-scaled.jpg\"><figure class=\"swiper-slide-inner\"><img decoding=\"async\" class=\"swiper-slide-image\" src=\"https:\/\/savovietnam.com\/wp-content\/uploads\/2021\/11\/858304a177a2bcfce5b36-150x150.jpg\" alt=\"858304a177a2bcfce5b36\" \/><\/figure><\/a><\/div><div class=\"swiper-slide\"><a data-elementor-open-lightbox=\"yes\" data-elementor-lightbox-slideshow=\"0367820\" data-elementor-lightbox-title=\"ad9bee929d9156cf0f801\" href=\"https:\/\/savovietnam.com\/wp-content\/uploads\/2021\/11\/ad9bee929d9156cf0f801-1-scaled.jpg\"><figure class=\"swiper-slide-inner\"><img decoding=\"async\" class=\"swiper-slide-image\" src=\"https:\/\/savovietnam.com\/wp-content\/uploads\/2021\/11\/ad9bee929d9156cf0f801-1-150x150.jpg\" alt=\"ad9bee929d9156cf0f801\" \/><\/figure><\/a><\/div><div class=\"swiper-slide\"><a data-elementor-open-lightbox=\"yes\" data-elementor-lightbox-slideshow=\"0367820\" data-elementor-lightbox-title=\"cce5d9dfaadc618238cd3\" href=\"https:\/\/savovietnam.com\/wp-content\/uploads\/2021\/11\/cce5d9dfaadc618238cd3-scaled.jpg\"><figure class=\"swiper-slide-inner\"><img decoding=\"async\" class=\"swiper-slide-image\" src=\"https:\/\/savovietnam.com\/wp-content\/uploads\/2021\/11\/cce5d9dfaadc618238cd3-150x150.jpg\" alt=\"cce5d9dfaadc618238cd3\" \/><\/figure><\/a><\/div><div class=\"swiper-slide\"><a data-elementor-open-lightbox=\"yes\" data-elementor-lightbox-slideshow=\"0367820\" data-elementor-lightbox-title=\"81479274e1772a2973664\" href=\"https:\/\/savovietnam.com\/wp-content\/uploads\/2021\/11\/81479274e1772a2973664-scaled.jpg\"><figure class=\"swiper-slide-inner\"><img decoding=\"async\" class=\"swiper-slide-image\" src=\"https:\/\/savovietnam.com\/wp-content\/uploads\/2021\/11\/81479274e1772a2973664-150x150.jpg\" alt=\"81479274e1772a2973664\" \/><\/figure><\/a><\/div><div class=\"swiper-slide\"><a data-elementor-open-lightbox=\"yes\" data-elementor-lightbox-slideshow=\"0367820\" data-elementor-lightbox-title=\"d52b542a2729ec77b5382\" href=\"https:\/\/savovietnam.com\/wp-content\/uploads\/2021\/11\/d52b542a2729ec77b5382-scaled.jpg\"><figure class=\"swiper-slide-inner\"><img decoding=\"async\" class=\"swiper-slide-image\" src=\"https:\/\/savovietnam.com\/wp-content\/uploads\/2021\/11\/d52b542a2729ec77b5382-150x150.jpg\" alt=\"d52b542a2729ec77b5382\" \/><\/figure><\/a><\/div>\t\t\t<\/div>\n\t\t\t\t\t\t\t\t\t\t\t\t\t\t\t\t<div class=\"elementor-swiper-button elementor-swiper-button-prev\">\n\t\t\t\t\t\t<i class=\"eicon-chevron-left\" aria-hidden=\"true\"><\/i>\n\t\t\t\t\t\t<span class=\"elementor-screen-only\">Previous<\/span>\n\t\t\t\t\t<\/div>\n\t\t\t\t\t<div class=\"elementor-swiper-button elementor-swiper-button-next\">\n\t\t\t\t\t\t<i class=\"eicon-chevron-right\" aria-hidden=\"true\"><\/i>\n\t\t\t\t\t\t<span class=\"elementor-screen-only\">Next<\/span>\n\t\t\t\t\t<\/div>\n\t\t\t\t\t\t\t\t\t<\/div>\n\t\t\t\t<\/div>\n\t\t\t\t<\/div>\n\t\t\t\t<section class=\"elementor-section elementor-inner-section elementor-element elementor-element-1c3d1c92 elementor-section-boxed elementor-section-height-default elementor-section-height-default elementor-invisible\" data-id=\"1c3d1c92\" data-element_type=\"section\" data-settings=\"{&quot;animation&quot;:&quot;fadeInUp&quot;,&quot;animation_delay&quot;:800}\">\n\t\t\t\t\t\t<div class=\"elementor-container elementor-column-gap-default\">\n\t\t\t\t\t<div class=\"elementor-column elementor-col-50 elementor-inner-column elementor-element elementor-element-71b15643\" data-id=\"71b15643\" data-element_type=\"column\">\n\t\t\t<div class=\"elementor-widget-wrap elementor-element-populated\">\n\t\t\t\t\t\t\t\t<div class=\"elementor-element elementor-element-240bb8ff elementor-align-left elementor-widget elementor-widget-button\" data-id=\"240bb8ff\" data-element_type=\"widget\" data-widget_type=\"button.default\">\n\t\t\t\t<div class=\"elementor-widget-container\">\n\t\t\t\t\t<div class=\"elementor-button-wrapper\">\n\t\t\t<a href=\"#\" class=\"elementor-button-link elementor-button elementor-size-md elementor-animation-grow\" role=\"button\">\n\t\t\t\t\t\t<span class=\"elementor-button-content-wrapper\">\n\t\t\t\t\t\t<span class=\"elementor-button-text\">Buy Now<\/span>\n\t\t<\/span>\n\t\t\t\t\t<\/a>\n\t\t<\/div>\n\t\t\t\t<\/div>\n\t\t\t\t<\/div>\n\t\t\t\t\t<\/div>\n\t\t<\/div>\n\t\t\t\t<div class=\"elementor-column elementor-col-50 elementor-inner-column elementor-element elementor-element-11510ae4\" data-id=\"11510ae4\" data-element_type=\"column\">\n\t\t\t<div class=\"elementor-widget-wrap elementor-element-populated\">\n\t\t\t\t\t\t\t\t<div class=\"elementor-element elementor-element-4717429a elementor-widget elementor-widget-button\" data-id=\"4717429a\" data-element_type=\"widget\" data-widget_type=\"button.default\">\n\t\t\t\t<div class=\"elementor-widget-container\">\n\t\t\t\t\t<div class=\"elementor-button-wrapper\">\n\t\t\t<a href=\"https:\/\/savovietnam.com\/index.php\/lien-he\/\" class=\"elementor-button-link elementor-button elementor-size-md elementor-animation-grow\" role=\"button\">\n\t\t\t\t\t\t<span class=\"elementor-button-content-wrapper\">\n\t\t\t\t\t\t<span class=\"elementor-button-icon elementor-align-icon-left\">\n\t\t\t\t<i aria-hidden=\"true\" class=\"far fa-life-ring\"><\/i>\t\t\t<\/span>\n\t\t\t\t\t\t<span class=\"elementor-button-text\">Li\u00ean h\u1ec7<\/span>\n\t\t<\/span>\n\t\t\t\t\t<\/a>\n\t\t<\/div>\n\t\t\t\t<\/div>\n\t\t\t\t<\/div>\n\t\t\t\t\t<\/div>\n\t\t<\/div>\n\t\t\t\t\t\t\t<\/div>\n\t\t<\/section>\n\t\t\t\t\t<\/div>\n\t\t<\/div>\n\t\t\t\t<div class=\"elementor-column elementor-col-50 elementor-top-column elementor-element elementor-element-28518040\" data-id=\"28518040\" data-element_type=\"column\">\n\t\t\t<div class=\"elementor-widget-wrap elementor-element-populated\">\n\t\t\t\t\t\t\t\t<div class=\"elementor-element elementor-element-4f053a9b elementor-invisible elementor-widget elementor-widget-text-editor\" data-id=\"4f053a9b\" data-element_type=\"widget\" data-settings=\"{&quot;_animation&quot;:&quot;fadeInUp&quot;,&quot;_animation_delay&quot;:400}\" data-widget_type=\"text-editor.default\">\n\t\t\t\t<div class=\"elementor-widget-container\">\n\t\t\t\t\t\t\t<ul>\n<li>Fanuc 21ima<\/li>\n<li>N\u0103m sx: 2000<\/li><li>H\u00e0nh tr\u00ecnh 250&#215;480<\/li>\n<li>M\u00e2m c\u1eb7p 250<\/li>\n<li>Ch\u1ed1ng t\u00e2m 500<\/li>\n<li>Th\u00f4ng n\u00f2ng 60<\/li>\n<li>T\u1ea3i phoi t\u1ef1 \u0111\u1ed9ng<\/li>\n<\/ul>\t\t\t\t\t\t<\/div>\n\t\t\t\t<\/div>\n\t\t\t\t\t<\/div>\n\t\t<\/div>\n\t\t\t\t\t\t\t<\/div>\n\t\t<\/section>\n\t\t\t\t\t\t<\/div>\n\t\t\t\t\t<\/div>\n\t\t","protected":false},"excerpt":{"rendered":"<p>Mori SL25E Previous Next Buy Now Li\u00ean h\u1ec7 Fanuc 21ima N\u0103m sx: 2000 H\u00e0nh tr\u00ecnh 250&#215;480 M\u00e2m c\u1eb7p 250 Ch\u1ed1ng t\u00e2m 500 Th\u00f4ng n\u00f2ng 60 T\u1ea3i phoi t\u1ef1 \u0111\u1ed9ng<\/p>\n","protected":false},"author":1,"featured_media":0,"parent":0,"menu_order":0,"comment_status":"closed","ping_status":"closed","template":"","meta":{"footnotes":""},"class_list":["post-1515","page","type-page","status-publish","hentry"],"_links":{"self":[{"href":"https:\/\/savovietnam.com\/index.php\/wp-json\/wp\/v2\/pages\/1515","targetHints":{"allow":["GET"]}}],"collection":[{"href":"https:\/\/savovietnam.com\/index.php\/wp-json\/wp\/v2\/pages"}],"about":[{"href":"https:\/\/savovietnam.com\/index.php\/wp-json\/wp\/v2\/types\/page"}],"author":[{"embeddable":true,"href":"https:\/\/savovietnam.com\/index.php\/wp-json\/wp\/v2\/users\/1"}],"replies":[{"embeddable":true,"href":"https:\/\/savovietnam.com\/index.php\/wp-json\/wp\/v2\/comments?post=1515"}],"version-history":[{"count":36,"href":"https:\/\/savovietnam.com\/index.php\/wp-json\/wp\/v2\/pages\/1515\/revisions"}],"predecessor-version":[{"id":1597,"href":"https:\/\/savovietnam.com\/index.php\/wp-json\/wp\/v2\/pages\/1515\/revisions\/1597"}],"wp:attachment":[{"href":"https:\/\/savovietnam.com\/index.php\/wp-json\/wp\/v2\/media?parent=1515"}],"curies":[{"name":"wp","href":"https:\/\/api.w.org\/{rel}","templated":true}]}}